-6027
In base 2, what is 11 - -1010100011001011?
1010100011001110
In base 14, what is -a003 + -41?
-a044
In base 12, what is 72 - 1195?
-1123
In base 4, what is 3231001 + -11?
3230330
In base 9, what is 215 - -158?
374
In base 2, what is -1000 - -11010101001000?
11010101000000
In base 16, what is -4bc3 - 1b?
-4bde
In base 15, what is -404 - -76?
-37d
In base 16, what is -2f - -904?
8d5
In base 15, what is 0 + -8cb6?
-8cb6
In base 15, what is -1 - -340e?
340d
In base 9, what is 287055 + -18?
287036
In base 10, what is -62767 + 1?
-62766
In base 13, what is 1 + 97330?
97331
In base 15, what is -583 - -28c?
-2e6
In base 8, what is -66315516 - -4?
-66315512
In base 4, what is 33 + 2223333?
2230032
In base 12, what is b + -258b?
-2580
In base 5, what is 12043042 - 4?
12043033
In base 9, what is 0 + -11261?
-11261
In base 5, what is -214311 - -3?
-214303
In base 3, what is 1022 + -1012120002?
-1012111210
In base 15, what is -45d - c9?
-537
In base 15, what is 38ca - 18?
38b2
In base 3, what is -100 - 110012101?
-110012201
In base 5, what is -241 - 101?
-342
In base 15, what is -3 + -4ab8?
-4abb
In base 2, what is 111110011001111111000 - -11?
111110011001111111011
In base 3, what is -112201011100 + -1?
-112201011101
In base 10, what is -985 - -197?
-788
In base 15, what is -ad598 - -1?
-ad597
In base 9, what is 333 - -1554?
1887
In base 11, what is -5 + 6a79a?
6a795
In base 4, what is -22 - -221100?
221012
In base 3, what is -10212 - -11012202?
11001220
In base 9, what is 0 - -16283?
16283
In base 12, what is -1 - -37109?
37108
In base 6, what is 0 + 3233123?
3233123
In base 8, what is 401330 + 0?
401330
In base 7, what is 54401 - 4?
54364
In base 8, what is -1104136 - 4?
-1104142
In base 15, what is -22 - -ea00?
e9cd
In base 9, what is -144 + -12514?
-12658
In base 11, what is -432 - 1253?
-1685
In base 12, what is -3 + -168a28?
-168a2b
In base 12, what is -6537 + -3?
-653a
In base 2, what is -110 + -1011001010110100010?
-1011001010110101000
In base 9, what is 21 + 2084?
2115
In base 14, what is 19d0 - 142?
188c
In base 15, what is -10 - -227c3?
227b3
In base 12, what is -73b - 29?
-768
In base 8, what is 3601 + -46?
3533
In base 13, what is -196 + 260?
97
In base 14, what is -1431d - -2?
-1431b
In base 4, what is -2 + -332330102?
-332330110
In base 3, what is 1121 - -122110?
201001
In base 15, what is 1e4 - -13a?
32e
In base 11, what is 4 - 59050?
-59047
In base 6, what is 223410 + 121?
223531
In base 2, what is -100000110001001 + -1001?
-100000110010010
In base 16, what is -72d1 + -1?
-72d2
In base 7, what is 6 + -260?
-251
In base 8, what is 10 + -5772?
-5762
In base 15, what is 5 + 10375?
1037a
In base 4, what is 1131021303 + 11?
1131021320
In base 16, what is 1278c + 1?
1278d
In base 8, what is -52 - 1477?
-1551
In base 3, what is -100 + -10221020?
-10221120
In base 6, what is -1000 + 1334?
334
In base 10, what is -3723 - -4?
-3719
In base 15, what is -1 - -117dc?
117db
In base 12, what is 1a080 - 10?
1a070
In base 4, what is 1 + -2033000?
-2032333
In base 2, what is -1111111010011 - -11?
-1111111010000
In base 3, what is 10121022001 - 200?
10121021101
In base 14, what is 406bb9 - 2?
406bb7
In base 11, what is 4 - 262550?
-262547
In base 15, what is -9 - 34b9?
-34c3
In base 16, what is 3 + -72ea?
-72e7
In base 11, what is -27553 - -8?
-27546
In base 14, what is -6 - -5985?
597d
In base 12, what is -b8 - -163?
67
In base 14, what is -5dcc - 2?
-5dd0
In base 11, what is -1 + 11181?
11180
In base 9, what is 21 - -40678?
40710
In base 2, what is 11101101001100 + -11000?
11101100110100
In base 9, what is 77 + -4871?
-4783
In base 14, what is 17935d + 2?
179361
In base 8, what is -5505 - -25?
-5460
In base 8, what is 230 - 35007?
-34557
In base 14, what is 15 - 4a?
-35
In base 13, what is 56 - 14593?
-1453a
In base 2, what is -101000101101 + 1010?
-101000100011
In base 13, what is -3374c - 10?
-3375c
In base 14, what is 1a + 2026?
2042
In base 9, what is -22148545 - -1?
-22148544
In base 4, what is -333233 - -13?
-333220
In base 4, what is -10 - -133231021?
133231011
In base 2, what is 1010000101 + -1000010011?
1110010
In base 15, what is -c7 + -be?
-196
In base 14, what is 1 + -3ad4d?
-3ad4c
In base 14, what is 2 - 173?
-171
In base 4, what is 1021303012 - 11?
1021303001
In base 8, what is 153 + 1150?
1323
In base 9, what is 61 - -1352?
1423
In base 3, what is 12000111010 - -10?
12000111020
In base 3, what is -10102 + 1110200?
1100021
In base 10, what is -4 + -17284?
-17288
In base 8, what is 677743 - -5?
677750
In base 12, what is 1592 + -449?
1145
In base 2, what is -101 - 10010011000100?
-10010011001001
In base 8, what is 162 + 1154?
1336
In base 7, what is 4 + 21602603?
21602610
In base 5, what is 1 - -23031?
23032
In base 10, what is 886 + -10?
876
In base 9, what is 16425 + 283?
16718
In base 6, what is -20 + -2011?
-2031
In base 15, what is 4 + 6cdbc?
6cdc1
In base 13, what is -776 - 5?
-77b
In base 5, what is 121 - -301003?
301124
In base 13, what is 1b157 + 0?
1b157
In base 2, what is -10010000110110111 + 0?
-10010000110110111
In base 10, what is 94862 + 5?
94867
In base 13, what is 2 + 659?
65b
In base 5, what is -2 + 2231122?
2231120
In base 15, what is 1313 - -74?
1387
In base 15, what is -82 - 6a?
-ec
In base 6, what is -45443 - -3515?
-41524
In base 7, what is 142054541 - 3?
142054535
In base 10, what is -3978861 + -3?
-3978864
In base 5, what is 4 - 12411200?
-12411141
In base 6, what is -3133255 + 30?
-3133225
In base 7, what is 103365 + 0?
103365
In base 2, what is -1111111011101000 + -11001?
-1111111100000001
In base 5, what is -30310220 + -20?
-30310240
In base 3, what is 1100022210 + 12?
1100022222
In base 15, what is 714 + 3e?
753
In base 5, what is -23 - -40202?
40124
In base 14, what is -4a73b3 + -3?
-4a73b6
In base 5, what is -3314 + -1301?
-10120
In base 14, what is -2903a - -3?
-29037
In base 13, what is 0 - 1c5c16?
-1c5c16
In base 4, what is 11 + -120311100?
-120311023
In base 10, what is -3 + -10776?
-10779
In base 14, what is -276c + -1aa?
-2938
In base 2, what is 10111000011 - 101001?
10110011010
In base 9, what is 2 - 3170?
-3167
In base 3, what is 2 - 22002122?
-22002120
In base 14, what is 11b + 96?
1b3
In base 13, what is b11 - 2c1?
820
In base 9, what is 42008 + -5?
42003
In base 10, what is 9251 - -153?
9404
In base 4, what is 131023 - 313?
130110
In base 5, what is -122402 + -4?
-122411
In base 2, what is 100101101010 - 101001010?
100000100000
In base 13, what is -6 - 8211?
-8217
In base 5, what is 404133434 + 4?
404133443
In base 3, what is -1220 - 1020101?
-1022021
In base 15, what is c - 645?
-638
In base 11, what is -342 + 58?
-295
In base 12, what is -49a37 - -7?
-49a30
In base 3, what is -210 - 22000010?
-22000220
In base 13, what is 1227 + -1?
1226
In base 8, what is 66 + -3050?
-2762
In base 4, what is 31312331 - -3?
31313000
In base 5, what is 334024 + -12?
334012
In base 9, what is -364 - 4108?
-4473
In base 3, what is 1022012000010 + -1?
1022012000002
In base 7, what is 0 - 20460?
-20460
In base 9, what is -206 - -5253?
5046
In base 5, what is 3141320 - 1?
3141314
In base 7, what is -3 + 40341?
40335
In base 7, what is 12 - -31544?
31556
In base 12, what is -10bb81b - 0?
-10bb81b
In base 3, what is 102112 + 11100?
120212
In base 14, what is -4 + 4a93b?
4a937
In base 9, what is -674487 - -2?
-674485
In base 10, what is -4 - 144700?
-144704
In base 14, what is -d4cc0 + 3?
-d4cbb
In base 16, what is 5 + -52d70?
-52d6b
In base 14, what is -2 - a5dbc?
-a5dc0
In base 14, what is -3166b + -2?
-3166d
In base 7, what is 2 + -510023?
-510021
In base 16, what is -1f72 + -2e?
-1fa0
In base 9, what is 5 + -8061?
-8055
In base 11, what is -4 + 51681?
51678
In base 2, what is -10 - -1010101111110100110?
1010101111110100100
In base 16, what is 5 - 3c14?
-3c0f
In base 6, what is 133204 - -13?
133221
In base 5, what is 0 - -142400?
142400
In base 4, what is 201 - -303000?
303201
In base 11, what is -13923 + 31?
-138a2
In base 5, what is 33331444 - 1?
33331443
In base 15, what is 9 + 2c111?
2c11a
In base 9, what is 110042 - 0?
110042
In base 11, what is -38497 + -2?
-38499
In base 11, what is a - -651?
660
In base 7, what is 0 + -14355?
-14355
In base 9, what is 80 - -331?
421
In base 2, what is -100 - -100001010011